 -3 + (-1 - -7). Suppose 0 = -f*x + 5*x - 11. Is x a multiple of 3?
False
Is 20 a factor of (3 + (-15)/6)*172?
False
Let p = 19 - -124. Suppose -5*m = 3*o - 0*o - p, -o + 151 = 5*m. Is m a multiple of 18?
False
Let y be (20 + 1)/3 - 2. Suppose y*a - 184 = a. Does 10 divide a?
False
Let r(x) be the second derivative of x**5/20 - x**4/12 + x. Let s be r(0). Suppose -5*c + 3*o + 68 = s, -3*o = 3*c - 2*o - 52. Is c a multiple of 8?
True
Suppose x - 301 + 53 = 0. Suppose -5*p + x = -2*z, p - 2*z - 98 = -p. Does 25 divide p?
True
Suppose 3*h = -12, -m = h - 5*h - 18. Suppose m*y - 45 = -y. Is y a multiple of 7?
False
Let z be (6/(-5))/(8/(-20)). Suppose -z*w + 2*w = -39. Is 13 a factor of w?
True
Let j(s) be the third derivative of s**5/60 + 5*s**3/6 + 4*s**2. Does 3 divide j(0)?
False
Let h(i) = -i**3 + 12*i**2 + 8*i - 16. Is 16 a factor of h(12)?
True
Let g be 1/((15/(-12))/(-5)). Let m be g/2 + 1 - 12. Does 13 divide (39/m)/((-1)/6)?
True
Let y(r) = 185*r**2 - r + 1. Is y(1) a multiple of 42?
False
Suppose n + 0*n = 0. Let l(a) = a**3 + a + 36. Is l(n) a multiple of 10?
False
Let c = -12 - -54. Let u be 4/(-6) + 53/3. Let q = c - u. Is 12 a factor of q?
False
Is 18/5*45/2 a multiple of 27?
True
Let k(x) = -9*x - 12. Is 25 a factor of k(-7)?
False
Suppose 300 = -5*s + 1110. Is 54 a factor of s?
True
Let f(p) = -1 - 2*p + 2*p**2 - 3*p**3 + 2 + 4*p**3. Let q be f(-2). Let a(x) = x**2 + 3*x - 7. Is a(q) a multiple of 12?
False
Let y(k) = k**3 + 6*k**2 - 14*k - 5. Is 20 a factor of y(-6)?
False
Let l be 4/((-4)/9) - 1. Let w be 2 - l/2 - 0. Let q(p) = 2*p**2 - 9*p - 2. Does 13 divide q(w)?
False
Is ((-4)/8)/(1/(-70)) a multiple of 16?
False
Let s(q) = 8*q**2 + 2*q - 28. Is s(5) a multiple of 9?
False
Let b(t) be the first derivative of 2*t**3/3 - 5*t**2 + 4*t + 2. Let z be 2/7 - (-47)/7. Is b(z) a multiple of 11?
False
Suppose -3*f = -3*t - 2*t + 13, 2*t + 6 = 4*f. Let a = 10 - 10. Suppose a = f*o - 1 - 15. Does 2 divide o?
True
Suppose -k + 4*k = 0. Suppose -b - 3*b = k. Suppose 3*q = y - 0*q - 15, 4*q + 12 = b. Is 6 a factor of y?
True
Suppose 5*r + 12 = 2, h + 4*r - 51 = 0. Let w(z) = -z**3 + 11*z**2 - 2*z - 4. Let u be w(11). Let i = h + u. Does 16 divide i?
False
Let c = -1 - -4. Suppose -z + 4 = -c*z, -4*z - 14 = 2*y. Does 13 divide (-3 - 0)/(y/39)?
True
Let q(b) = -b**2 - 8*b + 1. Let d = -1 + -5. Is q(d) a multiple of 13?
True
Let i be (-1)/((0 - 2)/30). Suppose h - 4*z - 16 = 0, 3*h - i = -5*z + 101. Is 16 a factor of h?
True
Suppose 2*l + 2 = -4. Let z(a) = -5*a - 1. Let d be z(l). Suppose 5*p - 35 = 3*h, -4*h + d = p + p. Does 5 divide p?
False
Suppose 4*g = -4*m - 8, -5*m - 14 = 11. Let o(j) = -11*j + 3. Let t be o(g). Let f = -10 - t. Does 8 divide f?
False
Let b be 0*1/(-3) + 0. Let q be (-3)/(6/(-4)) + b. Suppose -q = -2*c - 6, 0 = 2*t + 2*c - 10. Does 3 divide t?
False
Let c be 5/(3 + -4 + 2). Suppose -c*h + h + 128 = 0. Suppose 2*g - 5*w - 78 = -h, -3*g = 5*w - 94. Does 17 divide g?
False
Let c(x) = 9*x**2 - 4*x - 3. Suppose 5*r - 27 = 3*q - 1, -4*q = 3*r - 4. Is c(q) a multiple of 27?
False
Let k be (1710/40)/((-3)/8). Does 15 divide (-3 - k)*(-1)/(-3)?
False
Suppose 5*v - 3*v = -x + 135, -2*v - 3*x + 129 = 0. Is v a multiple of 3?
True
Let k(o) = o**3 - 6*o**2 + 7*o - 1. Does 2 divide k(5)?
False
Let r = 111 + -103. Is r a multiple of 4?
True
Let s(q) = 0*q**2 - 7*q + 10*q + 2*q**3 - 3*q**3 + 4 + q**2. Is s(-4) a multiple of 17?
False
Suppose 3*c + 11 = 4*y + y, -1 = 3*c + 5*y. Is (-124)/(-6) + c/3 a multiple of 12?
False
Let b be 6/(-1)*(-70)/15. Suppose 2*w + 4*j - b = 0, 3*w - 23 = -j + 4. Let z = w - -4. Does 12 divide z?
True
Let a = 45 - -3. Is a a multiple of 24?
True
Let i be 100/8*(-4)/(-5). Suppose -62 - i = -3*a. Suppose -114 = -5*c - a. Is c a multiple of 9?
True
Suppose -t - 5*k + 13 = -14, 0 = -t + k - 3. Let a(v) = -3*v + t*v - 4*v**2 + 33*v**2. Is a(1) a multiple of 9?
False
Let s = -153 + 208. Does 11 divide s?
True
Let c(t) = -t**2 - 6*t - 3. Let h be c(-5). Suppose h*l - 36 = 36. Does 12 divide l?
True
Suppose u + 2*u = 4*c - 96, 48 = 2*c + 2*u. Does 9 divide c?
False
Let x = 102 - 62. Is 8 a factor of x?
True
Let a be (-3)/(-1 + 11/8). Let f be (-60)/(0 - (-9)/(-6)). Let l = f + a. Is 16 a factor of l?
True
Let u = 553 + -238. Does 35 divide u?
True
Suppose -5*b - 2*w - 6 = w, 15 = -3*b + 2*w. Let p(s) = s**2 - 3*s - 1. Let y be p(b). Let u = y - 7. Is 3 a factor of u?
False
Is 12 a factor of (174/15 - 2)/((-2)/(-10))?
True
Let z(n) = 10*n + 45. Is z(6) a multiple of 16?
False
Suppose 5*i - 2*i - 78 = -3*s, 5*s - 94 = 4*i. Suppose -3*y + s = -23. Is 5 a factor of y?
True
Let z be (-16)/5 + 4/20. Is (2/4)/(z/(-108)) a multiple of 12?
False
Suppose -5*c + 35 = -0*c. Let g = 11 - c. Suppose 0 = g*b - 76 - 24. Does 10 divide b?
False
Is 15 a factor of (1 - 9/4)*-10*12?
True
Let s(d) = -2*d - 7. Let q be s(-5). Let c be ((-23)/(-3))/(5/150). Does 23 divide q*(c/6)/5?
True
Let f(a) = -a**3 + 10*a**2 - 10*a + 8. Let i be f(8). Suppose -p + i - 12 = 0. Is p a multiple of 22?
True
Let r(n) = n**2 - 11*n + 6. Let q be r(4). Suppose -12 = -5*t - 2. Let y = t - q. Is 10 a factor of y?
False
Let q(l) = l + 12. Let h = -24 - -17. Let j be q(h). Suppose 5*b + 0*b = -2*w + 45, j*w - 104 = -4*b. Is 13 a factor of w?
False
Let k = 38 - 36. Let v be 2 - (1 + -3)*1. Suppose 0 = v*c - k*c - 82. Is c a multiple of 11?
False
Let b be (3/5)/((-3)/(-30)). Suppose 0*f + b = -f - 3*n, -5*f + n + 34 = 0. Does 6 divide f?
True
Let c = -3 + 7. Suppose -2*x + 12 = -c. Does 6 divide x?
False
Suppose 5*g - 97 = -3*y - 26, -y + 23 = g. Does 4 divide y?
False
Let k(v) = v**3 + 10*v**2 - 5*v + 22. Is k(-10) a multiple of 9?
True
Is ((-700)/(-125))/((-2)/(-10)) a multiple of 12?
False
Suppose -6 = 3*k - 4*k + 3*b, -k - b + 10 = 0. Is k a multiple of 2?
False
Suppose -5*f + 0*o + 4*o = 380, f + 62 = -2*o. Let v = -50 - f. Does 11 divide v?
True
Let g(i) = -2*i + 28. Does 13 divide g(-12)?
True
Suppose 9*z - 290 = -5*r + 4*z, 0 = -5*r - 2*z + 296. Is r a multiple of 10?
True
Suppose 16 + 95 = y. Let r be (2/5)/((-10)/(-50)). Suppose f + r*f = y. Does 17 divide f?
False
Suppose -4*k + 7*k + 22 = 5*p, 0 = -2*p + 3*k + 16. Suppose -s + p = 16. Is 2/4 + (-63)/s a multiple of 2?
False
Suppose 0 = -m + 2*m - 72. Suppose -p + m = -0*p + 5*b, 5*b = -3*p + 176. Let x = -31 + p. Is 16 a factor of x?
False
Let n = -23 + 69. Does 27 divide n?
False
Suppose -2*r - 5*h + 66 = 0, 4*r = -4*h + 48 + 96. Suppose 5*k - 48 = -2*y, y + r = 4*y - k. Does 14 divide y?
True
Let h(t) = -59*t + 6. Is 40 a factor of h(-3)?
False
Suppose 0 = 4*l - 4*z - 0*z + 44, 0 = 4*l + z + 24. Let s = l - -16. Is 8 a factor of s?
False
Let s be (2 + 15)/(-1)*(1 + -3). Suppose -3*m - x = 2*m - 11, -x = -m + 1. Suppose -m*h - 8 = -s. Is h a multiple of 13?
True
Let q(l) = l**3 + 9*l**2 - 2*l + 16. Does 32 divide q(-7)?
True
Suppose -2*r - r + 3 = 0, -5*r = 4*y - 233. Suppose 0 = 4*p + y - 317. Suppose -s = -2*g + p, 3*s - 15 = -0*s. Is 13 a factor of g?
False
Let p be (-1 - 1)*-1*2. Suppose p*x + j + 13 = 34, 0 = -j + 5. Is -48*x/6*-1 a multiple of 13?
False
Suppose v + 4 = 3*b, -v + 5*b = 2*v + 28. Let a be v/(-6)*(-27)/6. Let o = 24 + a. Is o a multiple of 6?
True
Let y = 72 + -60. Does 7 divide y?
False
Let f(h) = 6*h + 44. Is 22 a factor of f(0)?
True
Suppose -4*y + 7*i - 2*i + 101 = 0, -4*y + i + 97 = 0. Is 5 a factor of y?
False
Suppose 0 = -2*s + 15 - 5. Let v(q) = 6*q - 4. Let n(o) = 5*o - 3. Let t(a) = -7*n(a) + 6*v(a). Is t(s) a multiple of 2?
True
Let r(m) = 79*m + 7. Is 49 a factor of r(2)?
False
Let b = -7 + 11. Suppose -5*j = -4*m - 81, -m + 48 = b*j - 0*m. Is 3 a factor of j?
False
Let d = -4 - -6. Suppose -3*x = 3*b + 15, -d*x + x + 3*b + 15 = 0. Suppose 5*m + 25 = 0, -4*c - 3 = -x*c + 3*m. Is c a multiple of 3?
True
Suppose 0 = -2*n - 8, 0 = -3*d + 2*n - 7*n - 29. Is 8 a factor of 2/d - 182/(-21)?
True
Let o(d) = d**2 - 4*d - 4. Let s be o(3). Let y = s + 10. Suppose f - 10 - 2 = 2*t, -28 = -y*f + 4*t. Does 4 divide f?
True
Suppose 0*n + 13 = c - 5*n, 0 = 2*c + 4*n + 16. Is 4 - (0/c - 0) a multiple of 4?
True
Let q(h) = 10 - h**2 + 9*h + 4 - 21. Let v = 16 - 10. Is q(v) a multiple of 7?
False
Does 11 divide 1/2*(67 + -1)?
True
Suppose 3*a = -2*a + 260. Let j = a + -15. Do